 y(x) = 7*h(x) + 2*w(x). Give y(9).
-3
Let h = 5527 - 5509. Let m(d) = -d**3 + 19*d**2 - 19*d - 24. What is m(h)?
-42
Let t(c) be the first derivative of c**3/6 - 105*c + 136. Let k(m) be the first derivative of t(m). Give k(-1).
-1
Let s(w) = w**2 + 7369*w**3 - 14737*w**3 - w + 7371*w**3. Let j = 8 - 7. Give s(j).
3
Let w(p) be the third derivative of 0*p - 1/12*p**4 - p**2 + p**3 + 27. Give w(-5).
16
Let t = -233 - -115. Let r = -121 - t. Let m(q) = -8*q - 2. Give m(r).
22
Suppose k = 8*k. Suppose k*a = -a + 4*r + 4, -64 = -4*a + 4*r. Let l be (a/15 - 1)/(1/3). Let h(n) = 2*n + 1. Determine h(l).
3
Let s(v) = -v**3 - 16*v**2 - 24*v + 44. Let j(i) = -2*i**3 - 7*i**2 + 45*i + 76. Let h be j(-6). Determine s(h).
-12
Let d = -174 - -176. Let q(a) = -7*a - 3*a**d + 181 + 4*a**2 - 181. Calculate q(5).
-10
Let t(k) = -11*k**3 + 17*k**2 + 48*k - 68. Let f(d) = 7*d**3 - 11*d**2 - 31*d + 45. Let b(c) = 8*f(c) + 5*t(c). Calculate b(4).
4
Suppose -3*b + 6*h = -72, 13*b + 76 = 18*b + h. Let v(p) = -p**2 + 15*p - 22. Give v(b).
-38
Let l(z) = -z**3 + 4*z**2 + 2*z + 1. Suppose -114 = -36*c + 38*c. Let m = 42 + c. Let t(g) = g + 19. Let d be t(m). Give l(d).
9
Suppose 4*k - 2 = 2*k, -2*g - k = -11. Let i(o) be the second derivative of -o**4/12 + o**3/2 - 24237*o. Determine i(g).
-10
Let r(c) = -c**2 - 14*c - 12. Let v = -1318 - -1305. What is r(v)?
1
Suppose 7*n = 4*r + 11*n, -5*n = 5. Let h(d) = 0 + 99*d**2 - 2*d - r - 97*d**2. What is h(-2)?
11
Let o(w) = -46*w - 2577. Let s be o(-56). Let d(a) = 27*a**3 - 2*a**2 - 3. Let t(j) = 27*j**3 - 3*j**2 + j - 4. Let q(u) = 3*d(u) - 2*t(u). Determine q(s).
-26
Let l be -3 - 3*4/(-2). Suppose l*z = z - 2*t + 6, 4*t + 24 = 5*z. Let v(a) be the second derivative of -a**4/12 + 2*a**3/3 - 88*a + 2. Determine v(z).
0
Let r = 1668 - 1669. Let n(y) = -15*y - 14. Calculate n(r).
1
Let q(p) = -4*p**2 - 52*p + 19. Let f(i) = -9*i**2 - 116*i + 39. Let l(h) = -3*f(h) + 7*q(h). Give l(-15).
31
Suppose 5*w - 18110 = 4*w. Let t(p) = -p**2 - w*p + 18110*p. Suppose 4*l + 4 + 0 = 0. Calculate t(l).
-1
Suppose r + 38 = -9*z, 155*r + 4*z = 150*r + 15. Let g(l) = -3*l**3 + 19*l**2 + 14*l + 4. Determine g(r).
4
Let r(k) = -111 - 102 - 112 - 6*k**2 - k**3 + 322 - 3*k. Calculate r(-6).
15
Let w(z) = z**3 - 2*z**2 - z + 2. Let c be (2 + -4 + -2)/((-2)/102). Let g = c + -202. Give w(g).
0
Let u(v) be the first derivative of v**4/4 - 2*v**3 + 3*v**2/2 - v + 13413. Let n be 9/2 - 3/6. Give u(n).
-21
Let x(t) = t**2 - t - 22. Let l be x(-6). Suppose 5*k - k = 4*h - 44, -h + 4*k + l = 0. Let d(i) = 6*i + h*i**2 - i**2 + i**3 + 10 + 6 - 9. Determine d(-6).
7
Let l(q) be the third derivative of 89*q**2 + 1/60*q**5 - 1/20*q**6 + 0 + 0*q**4 + 0*q**3 + 0*q. Give l(1).
-5
Let c(m) = 15*m - 66. Let r(v) = 146*v + 2632. Let k be r(-18). Calculate c(k).
-6
Suppose -4*l - 1145 = -1153. Let g(z) = 18*z**3 - 3*z**3 - 16*z**3 - 2 - 4*z**l + 6*z. What is g(-5)?
-7
Let n = -99 + 97. Let o(h) = 4*h**2 + 5*h - 2. Let z(k) = -k**2 - k + 1. Let t(d) = n*o(d) - 7*z(d). What is t(-4)?
-7
Let m(s) = s**3 - 5*s**2 + 6*s - 1. Let w(x) = -x**3 - 15*x**2 - 2*x - 31. Let q be w(-15). Let f = 3 - q. Give m(f).
7
Let y be (-2)/6 - 16/(-12). Let v(j) = 415*j + 6. Let c be v(y). Let t(p) = -210*p - 212*p + c*p. Calculate t(4).
-4
Let n(q) = q**3 + 7*q**2 + 9*q + 4. Suppose 78 = 1186*b - 1199*b. What is n(b)?
-14
Let z be (-4)/5 + (-1137)/(-15). Let h(g) = z*g - 41*g + 3 + 6 - 36*g. Suppose 0 = u - 8. Calculate h(u).
-7
Let g(z) be the first derivative of z**5/120 + z**4/24 + 2*z**3/3 + 6*z**2 - 59. Let f(c) be the third derivative of g(c). Let s = 1 - 2. Give f(s).
0
Suppose 6*h = 38 - 128. Let r(a) = a + 10. Let t be r(h). Let l(i) = 12*i**2 - i**2 + 6*i - 1 - 9*i**2 - i**2. Determine l(t).
-6
Let n(f) be the second derivative of -f**4/12 - 7*f**3/2 - 87*f**2/2 + 7369*f. Determine n(-5).
-7
Let v(i) be the first derivative of 6*i**3 + i**2 + i - 494. Calculate v(-1).
17
Let b be ((2 - 4) + (-65)/13)*-1. Suppose 17*c + b + 10 = 0. Let d(t) = 3*t**3 - 2*t - 1. Calculate d(c).
-2
Let w be (99/(-21) - -5)*28. Suppose 0 = -w*s + 8 + 16. Let m(n) = -5*n - 3. Determine m(s).
-18
Let v(k) = -k**3 - 8*k**2 - 4*k + 8. Let d(o) = o**2 + 50*o + 449. Let j be d(-12). Give v(j).
-13
Let d(n) be the second derivative of -n**4/3 + n**3 + 2*n**2 - 5827*n. Give d(-5).
-126
Let j(t) = -t**3 - 16*t**2 + 15*t - 31. Let q be j(-17). Suppose q*f = x - 10, -x + 4*x - 10 = -f. Let m(w) = 3*w**3 + 2*w**2 + 3*w + 3. What is m(f)?
-19
Let v be (-7)/(-8 + 55/7). Let i = 42 - v. Let c(z) = z - 5. What is c(i)?
-12
Let n(w) = -6*w**2 + 7*w**2 + 4*w + 6 - 2*w**2. Let k(j) = -2*j - 73. Let m be k(-39). What is n(m)?
1
Let v(d) = d + 2. Let y(h) = -3*h - 3. Let g(z) = 5*v(z) + 2*y(z). Let i be 202/6 - (-5)/15. Let l = -39 + i. Determine g(l).
9
Let c(m) = -3*m**2 + 60*m - 273. Let j(h) = 2*h**2 - 41*h + 188. Let n(v) = -5*c(v) - 7*j(v). Calculate n(7).
7
Let u be (-231)/15 + 2/5. Let c(x) = -3*x**2 - 45*x - 10. Let b(z) = 13*z**2 + 195*z + 39. Let h(q) = 2*b(q) + 9*c(q). Give h(u).
-12
Let f be ((-1)/3)/(6/(-378)). Let q be 6/((2 + f/(-12))*-3). Let t(d) = d**2 + 6*d - 9. Calculate t(q).
7
Let d(v) = 2*v**3 - 3*v**2 - v. Let k(x) = -11*x**3 + 14*x**2 + 6*x - 25. Let u(h) = -5*d(h) - k(h). Let b(w) = -w**2 + 9*w - 8. Let t be b(8). Calculate u(t).
25
Let n(h) = h**3 + 41*h**2 + 77*h - 47. Let o be -7 - 16/24*48. What is n(o)?
-8
Suppose -5*q - 18 = -2*q. Suppose -15 = -115*u + 110*u. Let d(f) = -9*f**2 + 3*f**2 - 56*f**3 + 108*f**3 - 6 - 53*f**u. What is d(q)?
-6
Let c(n) = 7*n**3 - 17*n**2 - 24*n + 16. Suppose 92 = -15*h + 17. Let t(g) = -10*g**3 + 25*g**2 + 35*g - 23. Let b(r) = h*t(r) - 7*c(r). Determine b(7).
3
Let o(h) = 0*h**2 + h**2 - 32 + 66 - 4*h - 35 + 0*h**2. Determine o(-4).
31
Suppose -i - h - 7 = 2*h, i - 5*h = 17. Let d(u) = 8 - 3 - i + u - 1. Let q(s) = -s**3 + 2*s**2 + s. Let l be q(-1). Determine d(l).
4
Let o(d) = -3*d + 3. Suppose 2*x = -6*x + 2*x. Suppose x = 2*a - 10 + 2. Give o(a).
-9
Suppose 0 = -4*a + 4, 0*a - 2*a = s - 4. Let i(y) be the third derivative of 0 + 55*y**2 - 1/12*y**4 + 0*y + 1/2*y**3 - 1/60*y**5. Determine i(s).
-5
Let t(y) = -y**3 - 9*y**2 - 6*y + 3. Let i be ((-22)/4)/11*-332. Suppose -20*q = i - 6. Give t(q).
-13
Let l be ((-134)/201)/((-1)/(-15)). Let v(f) = -f**3 - 11*f**2 - 12*f - 19. Calculate v(l).
1
Let o(l) = -l**2 + 17*l - 2. Let k be ((-1332)/(-126) + 5 + 4/(-7))*1. What is o(k)?
28
Suppose -b + 35 = 15*t - 10*t, 0 = 3*t - 4*b + 2. Suppose -f - 4 = -3*f. Let i(a) = -3 - 6*a**2 + a**3 - f*a**3 + 2*a**3 + 6. What is i(t)?
3
Let m be (8 - 9)/((-2)/(-2)). Suppose -7*t = -15 + 1. Let k(z) = -3 + 5*z + t - z. Calculate k(m).
-5
Let q(d) be the third derivative of 7*d**4/24 - d**3/6 + 5*d**2 + 25*d. Let x be (-1)/2*(-56)/(-7). Let p = -2 - x. What is q(p)?
13
Let b(m) = -5*m + 12. Suppose -5*z + 16 = 3*z. Let l(q) = 13 + 9*q - 34 - z. Let g(k) = 7*b(k) + 4*l(k). What is g(7)?
-1
Let b(i) be the third derivative of -11*i**6/60 - i**3/6 + i**2 - 2*i - 20375. Let m(k) = k**3 - 3*k**2 + 2*k - 1. Let o be m(2). What is b(o)?
21
Let f be 2 - (14 + -7) - (6 - 27). Let q(z) = z**3 - 17*z**2 + 11*z + 64. Calculate q(f).
-16
Let p(f) = 3*f**3 + 3*f**2 - 1 - f**3 - f**3 - 5*f. Suppose 6228 - 6236 = 2*u. Determine p(u).
3
Suppose 5*r - 5*a = 135, -r + 2*a = -2*r + 12. Suppose 42*m - 40*m = -r. Let v(w) = w**3 + 11*w**2 + w + 9. What is v(m)?
-2
Suppose 5*n - 66*p + 70*p - 7 = 0, 3*n - 8*p = 25. Let f(j) = -j**3 + 4*j**2 - 11*j + 34. Determine f(n).
10
Suppose -5*u + 5*g - 5 = 0, -u + 6*g - 9 = 3*g. Suppose 17 = -u*y + 2. Let p(r) = r + 1. Give p(y).
-4
Let w be ((-1)/1 + 3)*-1. Let y(i) be the third derivative of 1/2*i**4 + 1/2*i**3 + 0*i + 59*i**2 + 0. Determine y(w).
-21
Let r(z) = -11*z + 53. Let t be r(4). Suppose 11*o - 53 = -t. Let p(q) = 9*q - 6. What is p(o)?
30
Let i be ((-17864)/9)/(-4) - 22/99. Let p = i + -497. Let q(g) = -3*g**3 - g**2 - 3*g - 2. Calculate q(p).
3
Let i(u) = 3*u**3 - 3*u - 2. Suppose 24 = m + 2*m - 9*p, 2*m + 8 = -2*p. Calculate i(m).
-2
Suppose 164*l = 172*l - 152. Let a(o) = o + 9*o**3 - l - 20 + o**2 - 20 - 21 + 81. Let u(i) = i**3 - 3*i**2 + 2*i - 1. Let c be u(2). Calculate a(c).
-8
Let j(m) = -m**3 - 11*m**2 - 17*m - 17. Let d be j(-6)